ded by 13.
11
Let f(a) = 8*a**2 + a. Let n(b) = b - 5. What is the remainder when f(-1) is divided by n(9)?
3
Let w(i) = -i**3 + 5*i**2 + 3*i - 7. Let f = -3 + 8. Calculate the remainder when 3/12 + (-110)/(-8) is divided by w(f).
6
Suppose 3*x - 2*s + 12 = 3*s, -x - 12 = s. Let q = x + 22. Calculate the remainder when (-9*1)/((-3)/12) is divided by q.
10
Let o(p) = -p**2 - 9*p + 9. Let n be (-6)/(-4)*12/(-2). Calculate the remainder when 33 is divided by o(n).
6
Let g(i) = -i**2 + 17*i + 2. What is the remainder when g(6) is divided by 14?
12
Let u(y) = 3*y**2 + 9*y - 76. What is the remainder when u(6) is divided by 18?
14
Suppose -z + 6 = -o, -z + 8 = -2*o - 2. Suppose f = z - 4. Let d(y) = 8*y**2 + 4*y + 3. Calculate the remainder when d(f) is divided by 10.
7
Let s(a) = a**3 + 4*a**2 + 2*a - 2. Suppose 3*p + 0*p - 117 = -3*v, v - 42 = -2*p. What is the remainder when (-8)/v + (-141)/(-27) is divided by s(-2)?
1
Let d(x) = -x**2 - 10*x + 12. Calculate the remainder when 59 is divided by d(-10).
11
Suppose 3*c + 15 = -4*v + 1, -4*c + 5*v = -33. Suppose -c*t + 56 = 5*d, -5*d + 2*t - 5*t = -54. What is the remainder when d is divided by 7?
5
Let x(c) = c**2 + 3*c + 2. Let v be x(-3). What is the remainder when 16 is divided by (-4)/(-8)*v + 9?
6
Let l(q) = q**2 - 2*q + 4. Suppose 2*d + 5*i - 2 = 0, d - 6 = -3*i - 2*i. What is the remainder when 110 is divided by l(d)?
26
Let a be ((-140)/(-3))/(2/9). Suppose 5*i = -25, a = -o + 6*o - 2*i. Calculate the remainder when o is divided by 14.
12
Let q(i) = 3*i**2 - 3*i + 1. Calculate the remainder when q(3) is divided by 2 - 8/(-4)*4.
9
Suppose -13*f + 36 = -9*f. What is the remainder when 56 is divided by f?
2
Suppose 2*r + 2*q - 136 = 0, 2*q = -2*r + 7*q + 164. Suppose -6*l = -2*l - r. What is the remainder when l is divided by 10?
8
What is the remainder when 10 is divided by (-8)/(-16) + 30/4?
2
Let z(d) = -98*d**3 - d. Let i be z(-1). Let p = i - 41. What is the remainder when p is divided by 15?
13
Suppose -3*l + 4 = -2*l, -4*x = -5*l + 836. What is the remainder when (-4)/(3*8/x) is divided by 12?
10
Let k(b) = b**2 - 3. Let a = -3 + -1. Let y be k(a). Suppose 0 = 3*s - 11 - y. What is the remainder when 14 is divided by s?
6
Let x = -53 + 74. What is the remainder when 81 is divided by x?
18
Let t = -18 - -41. What is the remainder when t is divided by 8?
7
Let d = -20 - -32. Calculate the remainder when 45 is divided by d.
9
Let a be ((-1)/3)/((-6)/36). Suppose -2*f + 28 = a*f. Calculate the remainder when 19 is divided by (0 - -2)/(2/f).
5
Let p be 18*(2 + (-15)/9). Suppose 3*m + 36 = p*m. What is the remainder when 33 is divided by m?
9
Let l = 7 + -7. Suppose 2*t - z = -2*t - 15, l = t - 2*z + 9. What is the remainder when 1 - (t - 11) - -1 is divided by 9?
7
Suppose 13 = 3*v + 5*t, 0 = -v - 4*t + 6*t - 3. Suppose -5 = 5*m - 2*w, 0*w - 16 = 4*m - 4*w. Calculate the remainder when 5 - 2/m - 0 is divided by v.
0
Suppose -32*s + 26*s = -198. Calculate the remainder when 97 is divided by s.
31
Suppose -d - x = -0*x - 5, 3*x = 5*d - 1. Let w be 2 - 1*d/(-2). Suppose -4*p + 62 = w*n, 0 = 3*n + 5 + 1. What is the remainder when p is divided by 9?
8
Let o = 4 + -2. Suppose o*y - 1 = 3. Suppose -y*f + 27 + 49 = 0. Calculate the remainder when f is divided by 13.
12
Suppose -2*w = -0*w - 64. Let y = w - 4. What is the remainder when y is divided by 15?
13
What is the remainder when 6 is divided by 2/(-4) - (-7)/2?
0
Let v = -5 - -16. Suppose -2*p + 39 = 13. Suppose 5*n + p - 113 = 0. What is the remainder when n is divided by v?
9
Let r(n) = -n**3 - 8*n**2 + 7*n + 2. What is the remainder when 57 is divided by r(-9)?
17
Let g = -33 - -9. Calculate the remainder when 23 is divided by g/(-15)*5/1.
7
Suppose 3*i + 78 = 3*q, 3*q + i = q + 67. What is the remainder when q is divided by (64/2)/(-3 + 5)?
15
Suppose 2*z = 5*t - 94, z - 85 = -5*t + 6*z. Suppose -3*f - r + t = f, 0 = 5*f - 5*r. What is the remainder when f is divided by 2?
0
Suppose 0 = -w - w. Suppose w = 3*n + 2*n - 210. Suppose -n - 30 = -4*q. What is the remainder when q is divided by 10?
8
Calculate the remainder when -3 + 29 + 4/(-4) is divided by 14.
11
Let z be (-2)/(-14) - (-2)/(-14). Suppose 3*m + 4*p - 75 = z, 49 + 29 = 4*m - 2*p. Let g = -15 - -27. What is the remainder when m is divided by g?
9
Let j = -34 - -47. What is the remainder when 35 is divided by j?
9
Suppose 2*b + 22 - 4 = 0. Calculate the remainder when 61 is divided by (b/6)/(3/(-42)).
19
Let n(f) = -4*f - 2. Let o be n(-3). Suppose 5*d = -t - o + 110, 2*t - 29 = -d. Calculate the remainder when 35 is divided by d.
16
Suppose 5*y - 5*t - 345 = 0, -9 + 5 = 4*t. Calculate the remainder when y is divided by 27.
14
Let l(n) = -5*n + 4 - 3*n + 2*n + 4*n. What is the remainder when 47 is divided by l(-6)?
15
Calculate the remainder when ((-3)/(-3))/(1/2) is divided by 1.
0
Let l = 22 - -23. What is the remainder when l is divided by 16?
13
Let f(h) = h**3 - 3*h**2 + 3*h + 3. Let p be f(3). Let r(j) = 7*j - 8*j**2 + 7*j**2 + 13 + 2*j**2 - 19*j. Calculate the remainder when r(p) is divided by 7.
6
Let j(r) = -r**3 + 8*r**2 - 5*r - 8. Let l be j(7). Suppose -43 = 2*h - l*h + 5*z, -3*z - 9 = 0. Calculate the remainder when 19 is divided by h.
5
Let v(x) = -11*x. Let n be v(-1). What is the remainder when 63 is divided by (-2)/n + 178/11?
15
What is the remainder when (4/3)/((-6)/(-333)) is divided by 25?
24
Suppose 4*a - 96 = a. Suppose 22 = -7*x + 141. Calculate the remainder when a is divided by x.
15
Let o(v) = -v**3 - v**2 + 23. What is the remainder when o(0) is divided by 12?
11
What is the remainder when 8 is divided by 3 - 7 - -9 - 0?
3
Suppose -5 = -2*f + 17. What is the remainder when 19 is divided by f?
8
Suppose 0 = 6*a - 3*a - 342. Calculate the remainder when a is divided by 39.
36
Calculate the remainder when 387 is divided by (-4)/56*-20*21.
27
Let b be 17/4 - 9/(-12). Suppose b*l = 31 + 19. Suppose 0 = -2*a + l + 8. Calculate the remainder when a is divided by 5.
4
Suppose -4*w - 5*i = -6*w + 61, w + 5*i + 7 = 0. Let u(c) = c**2 - 3*c + 6. Let m be u(6). Suppose m = 3*j - 6. Calculate the remainder when w is divided by j.
8
Let d(w) = -12*w**3 - 8*w + 0*w**3 + 7*w - w**2. Let g(u) = -u**2 + 9*u + 2. Calculate the remainder when g(5) is divided by d(-1).
10
Let p(q) = -q**2 - 4*q + 1. Let w be p(-2). Suppose 4*h - 34 + 9 = -5*a, -15 = -3*a + w*h. Let z(u) = u. What is the remainder when 13 is divided by z(a)?
3
Suppose -s = -3 - 7. Let c = -18 + 22. Calculate the remainder when s is divided by c.
2
Suppose c - 5*c + 2*u + 82 = 0, c + 2*u = 28. Calculate the remainder when 87 is divided by c.
21
Suppose -3*k = -4*f + 365, 328 = 4*f + k - 57. Calculate the remainder when f is divided by 24.
23
Suppose 0 = 2*p + 5 - 13. Suppose -4*f = -18 - 2, 60 = 4*h + p*f. What is the remainder when 37 is divided by h?
7
Suppose -n + 20 = 6. Calculate the remainder when 29 is divided by 138/n - (-10)/70.
9
Suppose -69 = -2*h - h. Suppose l - 25 + h = 0. Calculate the remainder when 6 is divided by l.
0
Let s = 3 - 6. Let n = 194 + -180. What is the remainder when (0 + (-40)/3)*s is divided by n?
12
Let z(c) = -2*c + 4. Let i be z(-3). Let f be (4/i)/(1/110). Suppose 0*r - 52 = -4*a + 2*r, 4*a - f = 4*r. What is the remainder when 43 is divided by a?
13
Let d be 3 - 3/(-3)*-3. Suppose d = -4*y + 3*k + 24, -2*y = -3*y - k + 6. What is the remainder when y is divided by 5?
1
Suppose 5*j = -2*x + 18, -5*j + 0*j + 2*x + 2 = 0. Suppose -3*y - 2 = -5*s, -y - 2 = -j*s - 1. What is the remainder when (y + -2)/((-1)/9) is divided by 5?
4
Let f(w) = 2*w**3 + w**2 - 3*w + 1. What is the remainder when 27 is divided by f(2)?
12
What is the remainder when 17 is divided by 22*(-3)/(-12) + 2/(-4)?
2
Let c be 1 + -3 - 1/1. Let u = c + 8. Suppose -53 = -u*f - 13. Calculate the remainder when 22 is divided by f.
6
Suppose 0 = -x - 2*d + 9, -2*x + 8 + 10 = -4*d. What is the remainder when x is divided by 6?
3
Suppose -5 - 13 = -2*v + 2*u, -u = 5*v - 21. Calculate the remainder when 8 is divided by v.
3
Let g = -21 - -15. Let b(c) = c**2 + c - 1. Let h(q) = -4*q**2 - 10*q + 4. Let l(d) = 3*b(d) + h(d). What is the remainder when 12 is divided by l(g)?
5
Let o = -17 + 19. Suppose 0*r + o*r =